{"id":68,"date":"2020-02-24T19:56:13","date_gmt":"2020-02-24T19:56:13","guid":{"rendered":"https:\/\/krav-maga-ostschweiz.ch\/?page_id=68"},"modified":"2020-02-24T19:57:13","modified_gmt":"2020-02-24T19:57:13","slug":"entstehung-unseres-vereins","status":"publish","type":"page","link":"https:\/\/www.krav-maga-ostschweiz.ch\/index.php\/entstehung-unseres-vereins\/","title":{"rendered":"Entstehung unseres Vereins"},"content":{"rendered":"<p><div class=\"fusion-fullwidth fullwidth-box fusion-builder-row-1 nonhundred-percent-fullwidth non-hundred-percent-height-scrolling\" style=\"background-color: rgba(255,255,255,0);background-position: center center;background-repeat: no-repeat;padding-top:0px;padding-right:0px;padding-bottom:0px;padding-left:0px;margin-bottom: 0px;margin-top: 0px;border-width: 0px 0px 0px 0px;border-color:#eae9e9;border-style:solid;\" ><div class=\"fusion-builder-row fusion-row\"><div class=\"fusion-layout-column fusion_builder_column fusion-builder-column-0 fusion_builder_column_1_1 1_1 fusion-one-full fusion-column-first fusion-column-last\" style=\"margin-top:0px;margin-bottom:20px;\"><div class=\"fusion-column-wrapper fusion-flex-column-wrapper-legacy\" style=\"background-position:left top;background-repeat:no-repeat;-webkit-background-size:cover;-moz-background-size:cover;-o-background-size:cover;background-size:cover;padding: 0px 0px 0px 0px;\"><div class=\"fusion-text fusion-text-1\"><h1>Entstehung unserers Vereins<\/h1>\n<\/div><div class=\"fusion-clearfix\"><\/div><\/div><\/div><\/div><\/div><div class=\"fusion-fullwidth fullwidth-box fusion-builder-row-2 nonhundred-percent-fullwidth non-hundred-percent-height-scrolling\" style=\"background-color: rgba(255,255,255,0);background-position: center center;background-repeat: no-repeat;padding-top:0px;padding-right:0px;padding-bottom:0px;padding-left:0px;margin-bottom: 0px;margin-top: 0px;border-width: 0px 0px 0px 0px;border-color:#eae9e9;border-style:solid;\" ><div class=\"fusion-builder-row fusion-row\"><div class=\"fusion-layout-column fusion_builder_column fusion-builder-column-1 fusion_builder_column_1_2 1_2 fusion-one-half fusion-column-first\" style=\"width:50%;width:calc(50% - ( ( 4% ) * 0.5 ) );margin-right: 4%;margin-top:0px;margin-bottom:20px;\"><div class=\"fusion-column-wrapper fusion-flex-column-wrapper-legacy\" style=\"background-position:left top;background-repeat:no-repeat;-webkit-background-size:cover;-moz-background-size:cover;-o-background-size:cover;background-size:cover;padding: 0px 0px 0px 0px;\"><div class=\"fusion-text fusion-text-2\"><p>Krav Maga Ostschweiz besteht grunds\u00e4tzlich schon seit meheren Jahren. Unser Head Instruktor Mislim Imeroski trainiert seit 1984 Karate. Im Jahr 2000 gr\u00fcndete er die Karate Schule Altst\u00e4tten und im Jahr 2001 die Karateschule Flawil. Mislim Imeroski hat am 6. November 2005 die zertifizierte Pr\u00fcfung zum Krav Maga Instruktor abgelegt. Er ist somit der erste und einzige Krav Maga Instruktor im Rheintal. Krav Maga Ost-Schweiz \/ Self Defence wurde bisher unter der Karateschule in Altst\u00e4tten angeboten.<\/p>\n<\/p>\n<p>Da wir in Flawil seit M\u00e4rz 2014 ebenfalls Krav Maga Ostschweiz \/ Self Defence anbieten, haben wir uns dazu entschlossen, einen eigenst\u00e4ndigen Verein zu gr\u00fcnden.<\/p><\/p>\n<\/div><div class=\"fusion-clearfix\"><\/div><\/div><\/div><div class=\"fusion-layout-column fusion_builder_column fusion-builder-column-2 fusion_builder_column_1_2 1_2 fusion-one-half fusion-column-last\" style=\"width:50%;width:calc(50% - ( ( 4% ) * 0.5 ) );margin-top:0px;margin-bottom:20px;\"><div class=\"fusion-column-wrapper fusion-flex-column-wrapper-legacy\" style=\"background-position:left top;background-repeat:no-repeat;-webkit-background-size:cover;-moz-background-size:cover;-o-background-size:cover;background-size:cover;padding: 0px 0px 0px 0px;\"><div class=\"fusion-text fusion-text-3\"><p>Alle unsere Instruktoren verf\u00fcgen \u00fcber mehrj\u00e4hrige Kampfsport Erfahrungen in den verschiedensten Kampfsporarten. Zum Beispiel in Karate, Aikido, Jiu-Jitsu, Muay-Thai (Thaiboxen) und haben fr\u00fcher auch an diversen K\u00e4mpfen teilgenommen.<\/p>\n<p>Selbstverst\u00e4ndlich bilden sich alle Instruktoren an diversen Selbstverteidigungseminaren laufend weiter um euch ein bestm\u00f6gliches Level der Selbstverteidigung zu gew\u00e4hren.<\/p>\n<p>Einige unserer Instruktoren sind auch bei meheren namhaften Sicherheitsfirmen im Sicherheitsdienst, Objektbewachung u.s.w. angestellt und arbeiten eng mit der Polizei, Sanit\u00e4t, Feuerwehr und anderen Beh\u00f6rden zusammen.<\/p>\n<\/div><div class=\"fusion-clearfix\"><\/div><\/div><\/div><\/div><\/div><\/p>\n","protected":false},"excerpt":{"rendered":"","protected":false},"author":1,"featured_media":0,"parent":0,"menu_order":0,"comment_status":"closed","ping_status":"closed","template":"","meta":{"footnotes":""},"class_list":["post-68","page","type-page","status-publish","hentry"],"yoast_head":"<!-- This site is optimized with the Yoast SEO plugin v18.3 - https:\/\/yoast.com\/wordpress\/plugins\/seo\/ -->\n<title>Entstehung unseres Vereins - Krav Maga Ostschweiz<\/title>\n<meta name=\"robots\" content=\"index, follow, max-snippet:-1, max-image-preview:large, max-video-preview:-1\" \/>\n<link rel=\"canonical\" href=\"https:\/\/www.krav-maga-ostschweiz.ch\/index.php\/entstehung-unseres-vereins\/\" \/>\n<meta property=\"og:locale\" content=\"de_DE\" \/>\n<meta property=\"og:type\" content=\"article\" \/>\n<meta property=\"og:title\" content=\"Entstehung unseres Vereins - Krav Maga Ostschweiz\" \/>\n<meta property=\"og:url\" content=\"https:\/\/www.krav-maga-ostschweiz.ch\/index.php\/entstehung-unseres-vereins\/\" \/>\n<meta property=\"og:site_name\" content=\"Krav Maga Ostschweiz\" \/>\n<meta property=\"article:modified_time\" content=\"2020-02-24T19:57:13+00:00\" \/>\n<meta name=\"twitter:card\" content=\"summary_large_image\" \/>\n<meta name=\"twitter:label1\" content=\"Est. reading time\" \/>\n\t<meta name=\"twitter:data1\" content=\"5\u00a0Minuten\" \/>\n<script type=\"application\/ld+json\" class=\"yoast-schema-graph\">{\"@context\":\"https:\/\/schema.org\",\"@graph\":[{\"@type\":\"WebSite\",\"@id\":\"https:\/\/www.krav-maga-ostschweiz.ch\/#website\",\"url\":\"https:\/\/www.krav-maga-ostschweiz.ch\/\",\"name\":\"Krav Maga Ostschweiz\",\"description\":\"Just another WordPress site\",\"potentialAction\":[{\"@type\":\"SearchAction\",\"target\":{\"@type\":\"EntryPoint\",\"urlTemplate\":\"https:\/\/www.krav-maga-ostschweiz.ch\/?s={search_term_string}\"},\"query-input\":\"required name=search_term_string\"}],\"inLanguage\":\"de-CH\"},{\"@type\":\"WebPage\",\"@id\":\"https:\/\/www.krav-maga-ostschweiz.ch\/index.php\/entstehung-unseres-vereins\/#webpage\",\"url\":\"https:\/\/www.krav-maga-ostschweiz.ch\/index.php\/entstehung-unseres-vereins\/\",\"name\":\"Entstehung unseres Vereins - Krav Maga Ostschweiz\",\"isPartOf\":{\"@id\":\"https:\/\/www.krav-maga-ostschweiz.ch\/#website\"},\"datePublished\":\"2020-02-24T19:56:13+00:00\",\"dateModified\":\"2020-02-24T19:57:13+00:00\",\"breadcrumb\":{\"@id\":\"https:\/\/www.krav-maga-ostschweiz.ch\/index.php\/entstehung-unseres-vereins\/#breadcrumb\"},\"inLanguage\":\"de-CH\",\"potentialAction\":[{\"@type\":\"ReadAction\",\"target\":[\"https:\/\/www.krav-maga-ostschweiz.ch\/index.php\/entstehung-unseres-vereins\/\"]}]},{\"@type\":\"BreadcrumbList\",\"@id\":\"https:\/\/www.krav-maga-ostschweiz.ch\/index.php\/entstehung-unseres-vereins\/#breadcrumb\",\"itemListElement\":[{\"@type\":\"ListItem\",\"position\":1,\"name\":\"Home\",\"item\":\"https:\/\/www.krav-maga-ostschweiz.ch\/\"},{\"@type\":\"ListItem\",\"position\":2,\"name\":\"Entstehung unseres Vereins\"}]}]}<\/script>\n<!-- \/ Yoast SEO plugin. -->","yoast_head_json":{"title":"Entstehung unseres Vereins - Krav Maga Ostschweiz","robots":{"index":"index","follow":"follow","max-snippet":"max-snippet:-1","max-image-preview":"max-image-preview:large","max-video-preview":"max-video-preview:-1"},"canonical":"https:\/\/www.krav-maga-ostschweiz.ch\/index.php\/entstehung-unseres-vereins\/","og_locale":"de_DE","og_type":"article","og_title":"Entstehung unseres Vereins - Krav Maga Ostschweiz","og_url":"https:\/\/www.krav-maga-ostschweiz.ch\/index.php\/entstehung-unseres-vereins\/","og_site_name":"Krav Maga Ostschweiz","article_modified_time":"2020-02-24T19:57:13+00:00","twitter_card":"summary_large_image","twitter_misc":{"Est. reading time":"5\u00a0Minuten"},"schema":{"@context":"https:\/\/schema.org","@graph":[{"@type":"WebSite","@id":"https:\/\/www.krav-maga-ostschweiz.ch\/#website","url":"https:\/\/www.krav-maga-ostschweiz.ch\/","name":"Krav Maga Ostschweiz","description":"Just another WordPress site","potentialAction":[{"@type":"SearchAction","target":{"@type":"EntryPoint","urlTemplate":"https:\/\/www.krav-maga-ostschweiz.ch\/?s={search_term_string}"},"query-input":"required name=search_term_string"}],"inLanguage":"de-CH"},{"@type":"WebPage","@id":"https:\/\/www.krav-maga-ostschweiz.ch\/index.php\/entstehung-unseres-vereins\/#webpage","url":"https:\/\/www.krav-maga-ostschweiz.ch\/index.php\/entstehung-unseres-vereins\/","name":"Entstehung unseres Vereins - Krav Maga Ostschweiz","isPartOf":{"@id":"https:\/\/www.krav-maga-ostschweiz.ch\/#website"},"datePublished":"2020-02-24T19:56:13+00:00","dateModified":"2020-02-24T19:57:13+00:00","breadcrumb":{"@id":"https:\/\/www.krav-maga-ostschweiz.ch\/index.php\/entstehung-unseres-vereins\/#breadcrumb"},"inLanguage":"de-CH","potentialAction":[{"@type":"ReadAction","target":["https:\/\/www.krav-maga-ostschweiz.ch\/index.php\/entstehung-unseres-vereins\/"]}]},{"@type":"BreadcrumbList","@id":"https:\/\/www.krav-maga-ostschweiz.ch\/index.php\/entstehung-unseres-vereins\/#breadcrumb","itemListElement":[{"@type":"ListItem","position":1,"name":"Home","item":"https:\/\/www.krav-maga-ostschweiz.ch\/"},{"@type":"ListItem","position":2,"name":"Entstehung unseres Vereins"}]}]}},"_links":{"self":[{"href":"https:\/\/www.krav-maga-ostschweiz.ch\/index.php\/wp-json\/wp\/v2\/pages\/68","targetHints":{"allow":["GET"]}}],"collection":[{"href":"https:\/\/www.krav-maga-ostschweiz.ch\/index.php\/wp-json\/wp\/v2\/pages"}],"about":[{"href":"https:\/\/www.krav-maga-ostschweiz.ch\/index.php\/wp-json\/wp\/v2\/types\/page"}],"author":[{"embeddable":true,"href":"https:\/\/www.krav-maga-ostschweiz.ch\/index.php\/wp-json\/wp\/v2\/users\/1"}],"replies":[{"embeddable":true,"href":"https:\/\/www.krav-maga-ostschweiz.ch\/index.php\/wp-json\/wp\/v2\/comments?post=68"}],"version-history":[{"count":2,"href":"https:\/\/www.krav-maga-ostschweiz.ch\/index.php\/wp-json\/wp\/v2\/pages\/68\/revisions"}],"predecessor-version":[{"id":70,"href":"https:\/\/www.krav-maga-ostschweiz.ch\/index.php\/wp-json\/wp\/v2\/pages\/68\/revisions\/70"}],"wp:attachment":[{"href":"https:\/\/www.krav-maga-ostschweiz.ch\/index.php\/wp-json\/wp\/v2\/media?parent=68"}],"curies":[{"name":"wp","href":"https:\/\/api.w.org\/{rel}","templated":true}]}}